542 - 662. Suppose 274 = 5*n - o. Is n a composite number?
True
Let j(w) = -w**3 - 4*w**2 - 2*w - 6. Let v be j(-4). Suppose 5*f - 897 = v*f. Is f a composite number?
True
Suppose -k - 1923 = -4*k. Is k composite?
False
Let r = -3 - -6. Let y = 17 - r. Is y prime?
False
Let q be 18/2*(-2)/(-6). Let h(b) = 2 - q + 7*b - 2. Is h(2) a composite number?
False
Let q = -25 - 44. Is (q/6)/((-3)/66) a composite number?
True
Let n = -982 - -2403. Suppose -n = -3*q + 316. Is q prime?
False
Let d(p) = 2886*p + 1. Is d(1) composite?
False
Let b(m) = -m**2 - 2*m - 2. Let z be b(-2). Is (-157)/(z*3/6) prime?
True
Suppose 0 = -5*n + 2615 - 660. Is n composite?
True
Suppose -5*n - 2*a = 72, 7*n = 4*n - 3*a - 36. Let s be (-4)/n + (-57)/4. Let c = 141 + s. Is c composite?
False
Suppose -13 = -3*f + 551. Let m = -67 + f. Is m a prime number?
False
Let x(b) = -35*b - 1. Let m be x(-2). Let n = -36 + m. Let d = -7 + n. Is d a composite number?
True
Let b(t) = 39*t + 21. Let u(o) = -11*o - 6. Let i(c) = 5*b(c) + 18*u(c). Let h(y) = 2*y + 4. Let v be h(-5). Is i(v) composite?
True
Let y be 10/4*16/20. Let j be (9/(-6))/(y/72). Let w = 89 + j. Is w prime?
False
Let h(g) = -g**2 - g + 211. Let q be (7 + -7)/(1/(-1)). Is h(q) a prime number?
True
Let k = -503 + 712. Is k a composite number?
True
Let q be -7*(0 + 2 - 3). Let d be (-2 - 44)*q/(-1). Suppose 0 = -4*c - 2*s + d, -22 - 36 = -c - 5*s. Is c prime?
True
Is (-4)/(-8) - 1265/(-10) a composite number?
False
Let y(d) = 27*d + 1. Suppose 9*h - 45 = 6*h. Let w = h - 11. Is y(w) a composite number?
False
Let d = 26 + -3. Is d composite?
False
Suppose 0*h - 447 = -3*k - 3*h, -5*k + h + 739 = 0. Let c = k - -13. Is c prime?
False
Let g be (1/(-2))/((-4)/16). Suppose -3*d - w + 4 = -g*w, 5 = 5*d - 2*w. Suppose -7 = l + 2*h, -2*l - h = 2 - d. Is l a prime number?
True
Let q be 620 + (0 - 1 - -3). Let d = q - 251. Is d a prime number?
False
Let v(y) be the third derivative of y**3/6 - 3*y**2. Let s(o) = 2*o**2 + 4*o + 1. Let m(c) = s(c) + 4*v(c). Is m(-4) composite?
True
Let o be 36/16*32/6. Let h be 1 + (1*o)/(-2). Let j(r) = -7*r - 1. Is j(h) a composite number?
True
Let v = -1156 + 1955. Is v a prime number?
False
Let n(r) = 4*r**2 - 2*r + 1. Let x be n(1). Suppose -5*l = 4*y - l - 248, 0 = -x*y + 2*l + 186. Is y a prime number?
False
Suppose -5*j = -j + 8. Is (j/(-2))/1*307 prime?
True
Let b = -3 - -6. Let v be 4143/12 + (-9)/36. Is (4/10)/(b/v) a prime number?
False
Let v(t) = -t**2 - 2*t + 6467. Is v(0) composite?
True
Let j be -4 - -4 - (-1 - 3). Suppose -j*m - 5*f + 2146 = -2*f, 5*m - 2677 = -f. Is m a prime number?
False
Suppose -984 = u - 3*u. Suppose -4*c + u = -c. Let r = -87 + c. Is r prime?
False
Suppose 11*l - 4*l = 0. Is (300 - (3 + l)) + -4 prime?
True
Let q(x) = 113*x**3 - 5*x**2 - 3*x + 4. Let d be q(-4). Is d/(-14) - (-7)/(-49) a composite number?
False
Suppose 36 = z - 3. Is z a prime number?
False
Let n = 1 + 2. Suppose -267 = -2*z - 3*r - 66, 0 = z - n*r - 105. Let i = z + -33. Is i a prime number?
False
Suppose -26*n = -30*n + 2140. Is n a prime number?
False
Let x = -209 + 616. Is x composite?
True
Let a = -665 + 2010. Is a a composite number?
True
Suppose -p + 24 = 5*g, 5*g - 100 = -7*p + 2*p. Suppose -p*b + 21*b - 2110 = 0. Is b a composite number?
True
Let k = 1 + 1. Suppose 5*c - 4*x = -0*x - 60, k*c + 5*x = 9. Let i = c - -31. Is i composite?
False
Let r = 3 - -1. Suppose -r*h + 190 = -22. Is h composite?
False
Let d = -50 - -31. Suppose 2*m - 7*m - 5 = 0. Is m + (d - 1)*-4 a prime number?
True
Let r(c) = c**2 - 1. Let i(q) = -q**3 + 5*q**2 - 5*q + 4. Let s(o) = -i(o) + r(o). Let d be s(4). Suppose -d = -5*f, -4*h + 92 = f + 1. Is h a composite number?
True
Let m = 1124 - 655. Is m a prime number?
False
Let y(r) = 42*r - 31. Is y(6) a prime number?
False
Suppose y = 6*y - 10, -4*y + 383 = 5*i. Suppose a = -z - z + i, a - 153 = -4*z. Is z prime?
False
Suppose 0 = -2*u + 5*u - 15. Suppose u*a = -2*d - 19, -3*d + 29 = -0*d - 4*a. Is d/(-12) - 1786/(-8) a prime number?
True
Suppose -3 = d - 8. Suppose u + 2*t - 44 = 0, u - d*t - 88 = -2*u. Suppose 0 = s - 13 - u. Is s a prime number?
False
Let i = -106 - -233. Is i prime?
True
Is 5*((-5)/(-5) + 36) prime?
False
Let x be (4 + -7)/((-3)/68). Let a = 10 - 6. Suppose x = a*k - 120. Is k composite?
False
Let n(w) = 116*w**2 - 3*w + 4. Is n(-6) a prime number?
False
Suppose 2*o + 33 = n + o, 0 = -n + 5*o + 41. Is n a prime number?
True
Let t(h) = 31*h - 4. Is t(3) a prime number?
True
Suppose i - 5*o - 105 = 0, -o + 2*o = -2. Is i a prime number?
False
Suppose 2*z = -4*m - 12, 0 = 5*z + 3*m + 2*m + 15. Suppose -277 = -5*h + c - 2*c, 3*c - 6 = z. Is h composite?
True
Let m be -4*4/(-16)*-41. Suppose 3*z - 6*z = -4*g - 3, 0 = -g + 5*z - 22. Is 4/(-6) - m/g a composite number?
False
Suppose x - 4*l - 16 = -2*x, l = -4*x + 15. Is (-2)/x*(-104)/2 composite?
True
Let o(z) = 10*z**3 + 3*z**2 - 2*z - 2. Is o(3) a composite number?
True
Let s = -247 - -449. Is s a composite number?
True
Let m = 33 + -46. Suppose -4*p + 4*z = 48, 0*z = -3*z + 15. Let n = p - m. Is n composite?
True
Let x = 4 + -3. Let s be (-57 + (-1)/x)*-4. Suppose -s = b - 5*b. Is b composite?
True
Let j(p) = 225*p + 1. Let i(r) = 2*r**3 + r**2 + r + 1. Let n be i(-1). Let t be j(n). Is (-4)/(-6) - t/6 prime?
False
Suppose -5*u + 2759 = -1166. Is u prime?
False
Let f = 69 + 52. Is f a prime number?
False
Let m(p) = -41*p**3 + 4*p**2 + 3*p - 3. Is m(-2) composite?
True
Let b be ((-2)/(-4))/(1/358). Let t = 402 - b. Is t a composite number?
False
Let z(b) = 2*b + 6. Let i be z(-5). Let q = 7 + i. Suppose 0 = 5*m + f - 15, f = -q*f - 20. Is m composite?
True
Suppose -5*d + d = 128. Let x(m) = -m**2 - 8*m - 7. Let s be x(-2). Let l = s - d. Is l composite?
False
Suppose 5*i + 641 = v - 364, -616 = 3*i + 2*v. Let k = 315 + i. Is k composite?
False
Suppose 0 = -6*z + 3*z + 15. Suppose -j + 12 = 2*j, -z*v - 10 = -5*j. Suppose -v*f + 593 = -9. Is f prime?
False
Let y(p) = 3*p - 821. Let r(k) = -2*k + 410. Let m(t) = -5*r(t) - 3*y(t). Is m(0) prime?
False
Suppose -2*a = 2*a - 40. Suppose -125 = 3*s + a. Is (s/6 - -2)*-2 prime?
True
Let c(o) = 29*o - 3. Is c(4) composite?
False
Let l(i) be the third derivative of -4*i**2 + 0*i - 13/24*i**4 - 3/2*i**3 + 0. Is l(-8) prime?
False
Let i = 345 - 186. Is i a composite number?
True
Suppose -w + 81 = 4*r, -4*r + 5*w = 2*w - 93. Suppose 0 = -2*x + x + r. Is x a prime number?
False
Let f be (2 + 1)/((-3)/6). Let v(w) = -w**3 - w**2 - 9*w - 3. Let r be v(f). Suppose r = 2*i + i. Is i a composite number?
True
Is (-238)/(-51)*(0 + 51/2) composite?
True
Suppose -4*c - 20 = 0, 2*f + 0*c = 2*c + 1032. Is f a prime number?
False
Let m be (2/1)/((-4)/(-10)). Suppose -m = -3*t + 4, 0 = y + t - 6. Is y a prime number?
True
Let k be 87/12*(-2 - 2). Let q = 55 + k. Is q composite?
True
Suppose 2*n + 185 = 787. Is n composite?
True
Let b = 21 + -9. Suppose 3*j + b = -0*j. Let x(i) = -11*i + 3. Is x(j) prime?
True
Let n(m) = -m + 7. Let g be n(4). Let c = g + -1. Suppose c*p + 0*p - 130 = 0. Is p a composite number?
True
Let a = 51 - 28. Suppose 3*y - a = 2*y. Is y composite?
False
Suppose 0 = 3*h - 0*h - v - 6809, 4*v = -5*h + 11371. Is h a composite number?
True
Let c = -3 + 3. Suppose c = -3*m - w - w + 191, 4*m - 3*w = 266. Is m a prime number?
False
Suppose 5*m - 86 + 1742 = 3*u, -3*m + 9 = 0. Is u composite?
False
Is ((-36)/(-15) + -3)*-2285 composite?
True
Let q = 1284 - 383. Is q composite?
True
Let m(p) = -532*p + 1. Let d = 8 + -9. Is m(d) prime?
False
Let r = 40 - 36. Let w(c) = -5 + 2 + 11*c - 2*c. Is w(r) a prime number?
False
Let z(x) = -x**3 + 7*x**2 - 2*x + 13. Is z(6) a composite number?
False
Let p(x) = -4*x + 6 - 5 - 2*x**2 + 3*x**2. Let b(w) = -w**2 + 5*w + 7. Let d be b(5). Is p(d) prime?
False
Let g = -20 - -48. Let c = 16 - g. Is (4/c)/(2/(-114)) a prime number?
True
Let n be 2/(-4)*(2 + 0). Let j = 10 + 4. Is 2*(0 + j + n) prime?
False
Suppose 0*t - 2 = 2*f + 2*t, 5*f - 4 = -2*t. Is 1 - (-33 - 2) - f prime?
False
Let c(a) = 2*a - 4. Let n be c(3). Let v(s) = -n - 5 + 2*s**2 + 3*s - s**2. Is v(-7) prime?
False
Let g be 23*(29 + 4 + 0). Suppose 4*w - g = w. Is w prime?
False
Let p(i) be the first derivative of i**4/12 + i**3/6 + 13*i**2/2 - 2*i - 1. 